. What is the units digit of b?
9
Let m = -781 + 6323. What is the hundreds digit of m?
5
Let a(x) = 126*x**2 + x - 2. What is the tens digit of a(-2)?
0
Let s(z) = -z + 7. Let j be s(3). Suppose -4*w = -5*n - 1, j*w = -5*n + 2*w + 23. What is the units digit of n?
3
Let g be 8/(3 + (-52)/48 - 2). Let u = g - -182. What is the units digit of u?
6
Suppose -3*k - 1814 = -5*r, 3*r + 5*k = k + 1071. What is the tens digit of r?
6
Let k = 186 + -88. Suppose 5*s - 768 = -k. What is the hundreds digit of s?
1
Let f(n) be the second derivative of n**4/6 - 13*n**3/6 - 4*n**2 - 11*n. What is the tens digit of f(10)?
6
What is the tens digit of 15*-34*(77/(-55) - 3)?
4
Suppose -213 = 3*z + 525. Let l be (-5 - -1)/(12/z). Suppose 5*s - l = -12. What is the tens digit of s?
1
What is the hundreds digit of 34034/85 + (-9)/(-15)?
4
Suppose 4*w = -u + 14054, w + 1008 = -5*u + 4531. What is the tens digit of w?
1
Let z(d) = -d**3 + 3*d**2 - 3*d + 2. Let k be z(2). Suppose 4 = 2*n - k. Suppose 0 = 3*a - 5*m - 53, 3*a - n*m - 69 = -5*m. What is the units digit of a?
1
Let t(r) = -21 - 7 + 6*r + 9 + 40*r**2 - 2*r. What is the units digit of t(3)?
3
Suppose -5*z + 4*z + 7 = -3*i, -2*i - 4*z - 28 = 0. What is the units digit of 0 + 2/(i/(-122))?
1
Let r(c) = 27*c + 150. What is the thousands digit of r(32)?
1
Let p(h) = 2 - 3 - 2*h + 0*h - 3. Let i be p(-3). What is the units digit of 1*13*2/i?
3
Let f = -220 + 546. What is the hundreds digit of f?
3
Let t(v) = v**3 - 8*v**2 + 7*v + 3. Let d be t(7). Let f = d - -2. What is the units digit of 10 + 1*(-2 + f)?
3
Let j = 582 + -519. What is the tens digit of j?
6
Let u = 556 - 103. What is the units digit of u?
3
Let s = -629 + 1109. What is the tens digit of s?
8
Let q(t) = 4*t - 8. Let i be q(10). Suppose -2*d + 3*u = 27, -3*u + i = -3*d - 7*u. Let s = d - -30. What is the units digit of s?
8
Suppose 934 = 4*z + 4*n + 38, 0 = 5*n + 25. What is the hundreds digit of z?
2
Let w = -213 + 246. What is the tens digit of w?
3
Suppose -4*s + 126 = -46. Suppose -2*c + 53 = a + 10, -a + s = -4*c. What is the tens digit of a?
4
Let m be (-10)/(-65) + (-1724)/52. Let v = -38 - m. Let f(k) = -2*k**3 - 6*k**2 + 8*k + 4. What is the units digit of f(v)?
4
Let s(g) = g**3 - 7*g**2 + 2*g - 8. Let v be 1/((-45)/(-21) + -2). Let z be s(v). What is the tens digit of 36*(-2)/z*-2?
2
Let c(h) = h**3 - 7*h**2 - 11*h - 6. What is the tens digit of c(9)?
5
Let y(b) = 65*b - 9. Let a be y(2). What is the units digit of 50/125*5*a?
2
Let l be ((-2)/2)/(2 + (-25)/12). What is the tens digit of ((-4)/l)/((-3)/99)?
1
Suppose -5*i = -10, 0 + 2 = 3*u + 4*i. What is the units digit of 5 + u - (-11 + 7)?
7
Suppose -14*b + 18880 = 2*b. What is the hundreds digit of b?
1
Suppose -615 = 9*q - 8094. What is the hundreds digit of q?
8
Suppose -2*c - 4*j + 530 = 0, 473 = -4*c - 2*j + 1545. Suppose g = -3*q + c, 3*g - 5*q - 783 = 52. What is the units digit of g?
5
Let k(x) = 33*x + 7. Let b be k(-3). Let p = -34 - b. What is the units digit of p?
8
Suppose -5*k + 2*c = -2657, 2651 = 5*k - 0*k + 4*c. What is the hundreds digit of k?
5
Let m be 0 + 4*(-3)/6. Let z be -6*(1 - (m + 4)). What is the tens digit of (2/z)/(4/372)?
3
Suppose 4*s - 693 = 3*k, -25 = -2*s - 3*k + 326. What is the tens digit of s?
7
Let a = 1646 + -955. What is the hundreds digit of a?
6
Let w be ((-9)/(216/16))/((-2)/9). Let n(i) be the first derivative of 2*i**3/3 - 3*i**2/2 + 3*i + 2. What is the units digit of n(w)?
2
Let u = 7198 + -2740. What is the units digit of u?
8
Let z be (-21)/(-35) - 23/5. Let g(t) = 3*t**2 + 5. What is the tens digit of g(z)?
5
Suppose 0 = -2*s + 2*q + 890, -237 = -2*s - 3*q + 678. Suppose 3*o - s = -3*o. What is the tens digit of o?
7
Suppose -9*w - 277 = -9322. What is the hundreds digit of w?
0
Let a(i) = -4*i**3 + i**2 + i. Let t be a(-1). Suppose 4 = -t*u + 12. Suppose 8 = -2*q, -2 - u = m + 2*q. What is the units digit of m?
4
What is the thousands digit of (-4)/(-2 + 5358/2682*1)?
1
Let w(h) = 6*h**2 + 6*h + 3. Let n be w(-4). What is the tens digit of 2/(-15) - 17935/n*-1?
3
Suppose 5*q - u - 538 = -5*u, 0 = 4*u - 8. Suppose -5*b - 3*l = -125 - q, -b = -4*l - 37. What is the tens digit of b?
4
Let d = -30 + 34. Suppose 15 = 5*o, -p - 57 = -d*p - 5*o. What is the tens digit of p?
1
Suppose 3*p = -2*u + 12, 0 = -3*u + 2*p + 13 + 5. Let r = u + 34. What is the tens digit of r?
4
Suppose 16*q = 14*q - 66. Let i = 34 + q. What is the units digit of i?
1
Suppose 339 = 12*o - 44697. What is the units digit of o?
3
Let r = -921 - -1879. What is the tens digit of r?
5
Let y = -536 + 4062. What is the hundreds digit of y?
5
Let i(y) = 48*y - 105. What is the hundreds digit of i(12)?
4
Suppose -3*w + 7 + 2 = 0. Suppose -2*u + u = -w. Suppose l + u*l = -b + 37, 3*b = l - 19. What is the tens digit of l?
1
Suppose -i - u + 2*u = -819, -5*u = 5*i - 4115. What is the tens digit of i?
2
Let l = -6 + 10. Suppose 8 = 4*u - l. Let n = 8 + u. What is the tens digit of n?
1
Let v(t) = -8*t + 21. Let f be v(11). Let m = 249 + f. Suppose 0 = -5*h + 4*d + 206, -7*h + m = -2*h + 2*d. What is the tens digit of h?
3
Suppose 3*p - 4*c - 431 = 0, -5*p + 6*c + 695 = 11*c. What is the units digit of p?
1
Let w(x) = -x**3 + x**2 + x - 1. Let v be w(0). Let s be (-1)/v + 4 + -2. What is the units digit of 12/3 - -2 - s?
3
Let a(c) = 2*c - 2*c + c + 15. Let f be a(-9). Suppose 4*x + 3*y - 60 = 0, -f*x - 5*y = -x - 70. What is the tens digit of x?
1
Let u = -43 + 133. Let v be (8/(-6))/((-3)/u). Suppose -5*n + 11 = a, 0 = 3*a + 3*n - v + 7. What is the units digit of a?
1
Let r = 50 - 3. Let o = r + -17. What is the units digit of -3*(o/(-9) + 3)?
1
Suppose -2*o + 3*o - 4483 = -3*x, 1506 = x - 2*o. What is the tens digit of x?
9
What is the units digit of (-7104)/(-21) - (-2)/(-7)?
8
Let u = 17 - 14. Suppose -4*t + 25 = u*d - 9*t, -3*d + t = -5. Let f(x) = -x**2 + x + 13. What is the tens digit of f(d)?
1
Let m(k) = -2*k**2 + 9*k + 7. Let g be m(5). Let u(c) = 19*c**3 + 2*c**2 - c - 4. What is the units digit of u(g)?
4
Let k(q) = -29*q**2 - 9*q + 12. Let g be k(6). What is the tens digit of 2/(-12) - g/36?
3
Let s(z) = -z**3 + 8*z**2 + 6*z - 3. Let c be s(6). Let m = 110 + -180. Let g = m + c. What is the units digit of g?
5
Let s be 13/(234/84)*12/14. What is the tens digit of (-410)/s*-2 - 0?
0
Suppose -722 = -2*o - 3*v, 1048 = 4*o - 4*v - 436. What is the units digit of o?
7
Let u(j) = -j + 16. Let z be u(14). Suppose -3*y = -4*d - 0*y + 797, 3*y = -z*d + 421. What is the hundreds digit of d?
2
Suppose 1572 = 18*r - 15*r. What is the tens digit of r?
2
Let m(w) = -6*w + 18. Let d be m(-17). Suppose 0 = i - 5*x - d, -2*x + 3*x - 522 = -4*i. What is the hundreds digit of i?
1
Let f = -13 + 26. Let t = f + -1. Let c = 28 - t. What is the tens digit of c?
1
Let v = 2003 - 1074. What is the units digit of v?
9
Let n = -506 + 826. What is the tens digit of n?
2
Let o = -829 - -2386. What is the hundreds digit of o?
5
Suppose 0 = -3*v + 15, -4*v - 2768 = -d - 3*d. What is the units digit of d?
7
Let i(s) be the first derivative of -s**3/3 + s**2/2 + 70*s + 17. What is the tens digit of i(0)?
7
Let j be (-6)/(-4) + 9/6. Suppose j*f = 4*d - 59, -d - f + 9 + 4 = 0. Suppose a - q + d = 2*a, -3*a + 46 = 5*q. What is the units digit of a?
2
Let j be (0 - -12)/(-3) - 2. What is the units digit of (-82)/(-26) + j/39?
3
Let r be 4/(-14) + (-340)/(-14). Let c = 114 + -111. Suppose r = c*a - 39. What is the tens digit of a?
2
Suppose 1246 = 4*x + 2*l - 1050, -l = -4*x + 2296. What is the units digit of x?
4
Let h be (1 + 0)*(1 - -6). Suppose -7*c + 10*c = 6. Suppose 0 = b + v - h, -4*b + 3*v + c*v + 28 = 0. What is the units digit of b?
7
Let r be (-2)/8 - 12/(-48). Suppose r = c + v - 186, -5*c + 402 = -3*v - 552. What is the hundreds digit of c?
1
Let u(x) = -x**3 - 12*x**2 - 10*x - 1. Let d be u(-11). What is the hundreds digit of (2 - (-52)/(-24)) + (-3842)/d?
3
Let t be (20/(-5))/(1 + -5). Let q be (4/(-12))/t*-6. Suppose -q*l - 45 = -3*l. What is the tens digit of l?
4
Let j = -3016 + 7698. What is the hundreds digit of j?
6
Suppose -13*z - 14796 = -22*z. What is the thousands digit of z?
1
Let b(z) = -z - 7. Let r be b(-7). Suppose 5*j = -r*j - d + 9, 0 = -2*j + 4*d + 8. Suppose 